**4 + 1/60*f**5 - 2*f. Let z(v) be the second derivative of h(v). What is z(-5)?
-3
Let u(d) = -d + 4. Suppose -11*b + 40 = -7*b. Determine u(b).
-6
Let f(r) be the second derivative of -r**5/20 - 3*r**4/4 + 2*r**3 - 3*r**2/2 - 3*r + 8. Determine f(-10).
-23
Let f(j) = 3*j**2 - 17*j + 7. Let w be f(6). Let b(q) = q**3 + 9*q**2 - 3. Let h(r) = -2*r**3 - 19*r**2 - r + 6. Let y(i) = w*b(i) + 6*h(i). Give y(-4).
5
Let f be (-2)/(-3)*(-9)/3. Let b(c) = c**3 + c**2 - c + 2. Let w(p) = -p**3 - 2*p**2 - 5*p + 4. Let y(o) = 2*b(o) - w(o). Give y(f).
-14
Suppose 4*k - 28 = 4*u, 17 = -3*u - 2*u - 4*k. Let v be (0 - 1)*(u + 1). Let f(i) = -v + 0 + 2 + i**3 - 6*i**2. Give f(6).
-2
Let b(j) = -2*j**2 - 16*j - 9. Let d(a) = 3*a**2 + 9*a - 38. Let q be d(-5). What is b(q)?
-9
Let g(j) = -j**3 + 14*j**2 - 36*j + 26. Let k be g(11). Let t(p) = 3*p - 8. Calculate t(k).
-29
Let b(z) = -13 + z**3 - z**2 - 1 + 0*z**2. Let t = 3 - 3. Give b(t).
-14
Let g(s) be the first derivative of 4*s**2 - 1/3*s**3 + 15 + 3*s. Give g(8).
3
Let y(c) = 11*c - 69. Let k be y(6). Let s(m) = 2*m - 5. Determine s(k).
-11
Let k(j) = 3*j**2 + 1925*j - 1932*j + 0 + j**3 - 6. Let i = -4 + 2. Let h be i/((-2)/(-4)*1). Determine k(h).
6
Let r(w) be the second derivative of -w**3/3 - 3*w**2 - 25*w. Let t = 9 - 15. What is r(t)?
6
Let b = 14 + -12. Let z(n) = 4*n + 2 - 2 - 3 - n**b. Determine z(4).
-3
Let d(l) = l + 2. Suppose -g + 4*v = 8, -g - 5 = 3*v - 4. Determine d(g).
-2
Let v(x) = -x**3 - 6*x**2 - x. Let t = 14 - 9. Suppose 2*d + t*i = 11, 0*d = d + 5*i - 3. Suppose -h - 31 = -0*m - 5*m, 0 = 2*h + 4*m - d. Determine v(h).
6
Let x(h) = h**3 + 6*h**2 + 5*h - 2. Suppose -s + 4 = 4*z + 24, 0 = -2*z + 4*s - 10. Let o be x(z). Let w(k) = 7*k - 2. Determine w(o).
-16
Let m(x) = 2*x + 28. Let z(f) = 4*f + 57. Let k(c) = 7*m(c) - 3*z(c). Let v be k(-10). Let g(n) = 11 - 3*n + 5*n - 3*n. Calculate g(v).
6
Let g(w) = w + 10. Let t be g(-8). Let x(h) = -t - 4*h + 4 + 0. Let r be ((-27)/45*2)/((-3)/5). Calculate x(r).
-6
Let s(u) = -2 + 4 - 3*u**2 + u**2. Let x(f) = -f**3 - 2*f**2 - 41. Let t be x(0). Let w = t + 43. What is s(w)?
-6
Let l(f) = f**3 - 8*f**2 + 5*f + 10. Let q be (0 - 1/4)/((-85)/2380). What is l(q)?
-4
Let o = 78 - 75. Let j(p) = -p - 4. Determine j(o).
-7
Let j(g) be the first derivative of 4*g**2 - g + 66. Suppose 4 = w + 5*d + 8, 4*d + 2 = -2*w. What is j(w)?
7
Let y(j) = -46*j**2 + j + 2. Let c be y(-1). Let v = -41 - c. Let s(g) = -g**2 + 1. What is s(v)?
-15
Let q(y) = y**3 + 8*y**2 + 8*y + 7. Let g be (-4)/10 - (-66)/15. Suppose -3*f - 10 = -1, g*z + 19 = 3*f. Give q(z).
0
Let u(w) = -w**3 + 0*w**3 + 7 + 2*w**3 - 5*w**2 - w - w**2. Give u(6).
1
Let p be -3*(64/12)/(-2). Suppose -p*s - 45 = -3*s. Let d = s + 9. Let v(w) = -w. What is v(d)?
0
Let a(q) = -12 - 7*q - 12*q + 26*q - 5*q. Give a(9).
6
Let y(h) = -h**3 + 25*h**2 - 24*h + 2. Let a be y(24). Let r(p) = -3*p**a + 3 - p**2 - 4*p + 0*p**2 + 3*p**2. Determine r(2).
-9
Let p be 2/(20/(-8) + 3). Suppose 3*j = p*j - 4. Let o(s) = j + 0 - 5 + 2*s**2. Give o(1).
1
Let o(s) = -s**3 - 7*s**2 - s - 4. Suppose -7*a - 64 = -15. Give o(a).
3
Let h(z) be the first derivative of -1/2*z**4 + 8 - 1/2*z**2 - 1/3*z**3 - 10*z - 1/20*z**5. Let q(t) be the first derivative of h(t). Calculate q(-5).
-16
Let n(p) = p + 2 - 4*p + 2*p. Let x(y) = 2*y**2 + 49*y + 285. Let z be x(-15). Give n(z).
2
Let a(z) = -1 - 3*z + 6363*z**3 - 5*z**2 + 2*z**2 - 6362*z**3. Suppose -2*b + 1 = 4*x + 5, 32 = 5*b - 4*x. Calculate a(b).
3
Let w(q) = -6*q - q - q - 2*q + 4 + 7*q. Give w(6).
-14
Let m = 12 - 51. Let b be 1/(m/(-18) - 2). Let l(w) = -11*w**3 + b*w**3 + 2*w**3 + w**2. Calculate l(1).
-2
Let b(z) = z - 21. Let x be b(13). Let a(i) = 7*i + 11. Let g(r) = 6*r + 12. Let m(p) = -5*a(p) + 6*g(p). Determine m(x).
9
Let p(n) be the first derivative of -3*n - 1/2*n**2 + 3. Suppose -5*i + 25 = 4*u, -3 - 22 = 4*u - 5*i. Give p(u).
-3
Let v(l) = l - 19. Let a(s) = 1. Let y(i) = -a(i) + v(i). What is y(14)?
-6
Let h(t) = -16*t**2 - 4*t - 2. Suppose -2*j - 4 = -2*r, -4*r = 4 - 8. Give h(j).
-14
Let z(o) = o**2 + 2*o - 8. Suppose 14*s + 589 - 533 = 0. Give z(s).
0
Suppose 113*k - 109*k = -36. Let p(r) = -r - 2. Give p(k).
7
Let i(j) = 49 + 40 - j**2 - 86 - 4*j. Give i(-8).
-29
Suppose 2*q = -0*q + 4. Suppose 0 = -5*b - 2*m + 15, -3 = b - q*b - 5*m. Suppose i + 2 = b*i. Let t(c) = 6*c**2 - 2*c + 1. Calculate t(i).
5
Let k(s) = -s**3 - s**2 + 16. Let i(n) = 2*n**2 + 6*n - 80. Let c be i(-8). Give k(c).
16
Let w be -12*7/(-42)*-1. Let d(k) = -3*k**3 + 6*k**3 - 4*k**3. What is d(w)?
8
Let z be 4/(-3) - (-784)/21. Let b = 47 - 15. Let g = b - z. Let w(h) = -h - 1. Calculate w(g).
3
Let c(o) = -7*o - 1. Suppose -8*k + 12 = -7*k. Suppose -3*b + k = -5*b. Let v(d) = d. Let y(x) = b*v(x) - c(x). Calculate y(-1).
0
Let m = 3 - -1. Let z = 38 + -35. Let p(i) = i**z - 4*i - m*i + 10*i**2 - 5*i**2 + i**2 + 3. Calculate p(-7).
10
Let w(g) = -g**3 + 6*g**2 - 5*g. Let t(i) = -i**2 - i + 1. Let a(u) = u + 2. Let n(p) = a(p) - t(p). Let f be n(-3). Determine w(f).
12
Let g(c) be the first derivative of -c**3/3 - c**2/2 + 10*c - 33. Let y(u) = u. Let t(n) = -g(n) - y(n). Give t(0).
-10
Let h(q) = q**2 + 1. Let w be h(0). Suppose -3 = -5*f + z + 16, 3*z = f - w. Let x be 0*(1 + (-6)/f). Let y(r) = -r**2 - r + 5. Calculate y(x).
5
Let y(d) be the third derivative of d**8/20160 - d**7/5040 - d**6/360 - d**5/60 + 10*d**2. Let f(q) be the third derivative of y(q). Calculate f(0).
-2
Let o = -18 + 28. Let r = o - 16. Let p(t) be the third derivative of -t**6/120 - t**5/12 + t**4/6 - t**3 + 30*t**2. Calculate p(r).
6
Let m = -207/2 + 106. Let g(k) be the first derivative of 4 + 5/3*k**3 - k - m*k**2 - 1/4*k**4. Determine g(4).
-5
Let h = -130 - -88. Let u = 39 + h. Let g(c) = -c + 4 + 3*c + c. Give g(u).
-5
Let m(u) = -2*u**2 + u - 1. Let f = -27 + 30. Suppose -4*a - 9 = -f*a. Let o be 14/(-21)*a/3. What is m(o)?
-7
Let b(t) be the first derivative of -t**2/2 - 11*t - 1. Let r(n) = n**3 - 3*n**2 - 6*n + 16. Let h be r(2). Give b(h).
-11
Let h = 14 + -12. Let y(m) = 21*m**h + m - m**3 - 20*m**2 - 1 + 1. Give y(1).
1
Let u(i) = -i**2 + i. Let r(d) = 5*d**2 - 4*d + 9. Let g(y) = r(y) + 4*u(y). Let t(j) be the first derivative of g(j). Calculate t(-3).
-6
Suppose -2 = 2*m + 6. Let s = -2 - m. Let b(z) = 2 + 1 + 2 + 9*z**s - 8*z**2. Determine b(0).
5
Let z(v) = v + 4. Let o(r) = r - 1. Let h be o(1). Let l = 3 - h. Suppose -3*p - 3 = -5*i, l*p = -3*i - 2*i + 27. Calculate z(i).
7
Let i = -17 - -26. Let y be 20/i + 2/(-9). Let d(n) = -1 - 10*n + 13*n + y. What is d(2)?
7
Let h(m) be the third derivative of m**6/120 - m**5/60 + m**4/24 + m**3/3 - 94*m**2. Let z be (0/(9/(-3)))/(-1). What is h(z)?
2
Let u be (-2*(-9)/(-12))/((-7)/(-14)). Let v(r) be the first derivative of r**4/4 + 2*r**3/3 - 2*r**2 - 2*r - 5. Determine v(u).
1
Suppose 0 = 2*u - i - 31, -69*i - 53 = -3*u - 74*i. Let n(l) = l**2 - 17*l + 10. What is n(u)?
-6
Let a(g) = -g**3 - 6*g**2 + 6*g - 1. Let z(q) = -q**3 + q + 1. Let c be (-2)/9 + 35/(-45). Let i(p) = c*a(p) + 2*z(p). Determine i(5).
8
Let n(g) = -g**3 - 4*g**2 + 2*g + 6. Let h be n(-4). Let r = -9 + 12. Let z(k) = -12 + 13 + 3*k - 2*k**3 + k**r. Give z(h).
3
Let t(n) = n**3 + 4*n**2 + 2*n + 1. Let i be 51/6 - (-3)/(-6). Suppose -5*v - 4*m + 0*m = 11, -3*v = m + i. Let u be 6/(-4)*(-6)/v. Give t(u).
4
Let s(g) be the first derivative of -4 - 18*g + 1/2*g**2. What is s(10)?
-8
Let z(v) = -116 + v + 22*v**2 + v**3 - 4*v**2 + 131. Give z(-18).
-3
Let w be 14/(-6) - (-6)/18. Let h(t) be the second derivative of t**7/840 + t**6/72 + t**5/120 - t**3 - t. Let f(s) be the second derivative of h(s). Give f(w).
10
Let c = 0 + -10. Let p = 12 + c. Let j(t) be the third derivative of t**5/60 + t**4/8 - t**3/2 + 23*t**2. Calculate j(p).
7
Suppose 20*c - 25*c = -20. Let z(n) = 7*n + 3*n + c - 9*n. What is z(-3)?
1
Let l(o) = 3*o + 3. Let u be l(3). Let w = u + -18. Let r(b) = 34*b - 3*b**2 - 41*b - 3 + 2*b**2. Determine r(w).
3
Suppose -159 = -15*x - 54. Let n(a) = a**3 - 8*a**2 + 9*a - 4. Calculate n(x).
10
Let c(y) = y**3 - 2*y**2 - 13*y + 3. Suppose -30*h + 255 = 21*h. Calculate c(h).
13
Let r(g) = -3*g + 2. Let i(q) = -9*q - 2 + 5 - 2*q + 4*q. Let u(b) = 2*i(b) - 5*r(b). Determine u(